6?
-8
In base 8, what is -11401 - -3?
-11376
In base 10, what is -8429 - 4?
-8433
In base 13, what is -13c9 + 2?
-13c7
In base 9, what is -3150 + 1?
-3148
In base 5, what is 10 - 411?
-401
In base 5, what is -21 - 220?
-241
In base 3, what is 2210 + -21?
2112
In base 16, what is -ee + 0?
-ee
In base 2, what is 101 + 1011010?
1011111
In base 16, what is -4 - -4fb?
4f7
In base 8, what is 35315 - 4?
35311
In base 4, what is 0 - 21022?
-21022
In base 13, what is 1217 - 2?
1215
In base 8, what is 2 + 2753?
2755
In base 3, what is 2012001120 - 12?
2012001101
In base 13, what is -b + -26?
-34
In base 15, what is -5 - -15?
10
In base 7, what is -4133 + -2?
-4135
In base 13, what is -2 - bc?
-c1
In base 7, what is 32 - -12?
44
In base 8, what is 14135 - 3?
14132
In base 9, what is -743 + 15?
-727
In base 2, what is -101011011 + -1101?
-101101000
In base 14, what is 1014 - 7?
100b
In base 9, what is 102 + 14?
116
In base 12, what is -4 + 60?
58
In base 15, what is -5 - -103?
ed
In base 8, what is 4 + 14?
20
In base 8, what is -156 + -407?
-565
In base 14, what is 1a3b + -3?
1a38
In base 5, what is -3 + -133?
-141
In base 14, what is 4 + -90?
-8a
In base 14, what is -79 - -1?
-78
In base 5, what is -101 - 2?
-103
In base 7, what is -3 - 124?
-130
In base 13, what is 3 - -3?
6
In base 7, what is -4 + -641?
-645
In base 10, what is -25 - -51?
26
In base 15, what is -d - -4?
-9
In base 7, what is 3 + 50?
53
In base 13, what is -90 + 3?
-8a
In base 13, what is -5 - -3a4?
39c
In base 9, what is -2 - -82?
80
In base 14, what is 2b - 202?
-1b5
In base 5, what is 1113 + -340?
223
In base 16, what is -3 - -2a?
27
In base 3, what is -11121 - 11?
-11202
In base 6, what is 130304 + 1?
130305
In base 9, what is -2 - -135?
133
In base 15, what is 2 + 85?
87
In base 8, what is 1 + 660?
661
In base 12, what is -5 - -2209?
2204
In base 10, what is 182 - -4?
186
In base 10, what is 27 - -14?
41
In base 8, what is 214 - 1?
213
In base 7, what is -24464 - 5?
-24502
In base 6, what is -4353 - 3?
-4400
In base 8, what is -1 - -17?
16
In base 10, what is -5 + 25?
20
In base 7, what is -3 + -2140?
-2143
In base 15, what is -3 - -95?
92
In base 3, what is -222112 - 10?
-222122
In base 14, what is 2 + -25?
-23
In base 2, what is -11 + -111011000?
-111011011
In base 14, what is -19 + 1?
-18
In base 16, what is 26 - c0?
-9a
In base 12, what is -2 - -45?
43
In base 11, what is 2 - 882?
-880
In base 12, what is 4 + 1a25?
1a29
In base 15, what is 9 - 6?
3
In base 3, what is 12212 - 111?
12101
In base 14, what is 142 + -3?
13d
In base 5, what is 1 + -233?
-232
In base 14, what is 87 - 63?
24
In base 9, what is 0 + 564?
564
In base 8, what is -12 + 2725?
2713
In base 14, what is 5 - -3c?
43
In base 2, what is 110101111 - -100?
110110011
In base 7, what is -3 - 1311?
-1314
In base 12, what is -b1 - -1?
-b0
In base 7, what is -5 - 63?
-101
In base 3, what is -100 - -2001?
1201
In base 12, what is 3 - a?
-7
In base 15, what is -2 + 40?
3d
In base 7, what is -202 - -1?
-201
In base 4, what is -2003 + 10?
-1333
In base 15, what is 215 + 2?
217
In base 10, what is 46 + 23?
69
In base 2, what is -1000 + 100?
-100
In base 10, what is -4 + -47?
-51
In base 16, what is -177 + -3?
-17a
In base 3, what is -212 - -102?
-110
In base 15, what is -77d + -1?
-77e
In base 6, what is 1452 + 2?
1454
In base 3, what is 0 + -20000?
-20000
In base 2, what is 101010 + 10100?
111110
In base 13, what is 6 + -97?
-91
In base 13, what is 34 + -21b?
-1b7
In base 4, what is 21203 + -2?
21201
In base 5, what is 44 - -412?
1011
In base 16, what is -4 - -19b?
197
In base 6, what is -15044 - 1?
-15045
In base 15, what is -55 - -1?
-54
In base 7, what is -6 + -43?
-52
In base 6, what is -1 + -422?
-423
In base 8, what is 3 + 2130?
2133
In base 9, what is -304 + 3?
-301
In base 3, what is -11011 + -2?
-11020
In base 5, what is -342 + -3?
-400
In base 9, what is -1720 + -4?
-1724
In base 11, what is -243 + -4?
-247
In base 8, what is -335 + 1?
-334
In base 15, what is -408 + -5?
-40d
In base 11, what is 19 - -a?
28
In base 16, what is -61 - 7?
-68
In base 2, what is -10011 + -100101?
-111000
In base 13, what is -1 - ac?
-b0
In base 16, what is -5 + -22?
-27
In base 5, what is -311 + 10?
-301
In base 6, what is -4 + 11300?
11252
In base 5, what is -1 + 11?
10
In base 2, what is -101 - -10?
-11
In base 2, what is 1001111000 + 1010?
1010000010
In base 8, what is 3170 - 0?
3170
In base 3, what is 11 + -12100010?
-12022222
In base 11, what is -a7 - 0?
-a7
In base 11, what is 3 - 222?
-21a
In base 11, what is -5 - 33a0?
-33a5
In base 10, what is 3 - 52?
-49
In base 11, what is -136 - 4?
-13a
In base 9, what is 281 - 1?
280
In base 15, what is -415 - -2?
-413
In base 11, what is -66 - 3?
-69
In base 4, what is -11 + 10111?
10100
In base 8, what is 3 - 433?
-430
In base 13, what is -14 + -1?
-15
In base 4, what is 31 + -12?
13
In base 14, what is -7 - 155?
-15c
In base 13, what is 1 - -832?
833
In base 4, what is 2303310 + 2?
2303312
In base 9, what is 1 - 370?
-368
In base 14, what is 9 + -58?
-4d
In base 9, what is -2 - -30?
27
In base 5, what is -221 - -2?
-214
In base 9, what is 1 - -5?
6
In base 7, what is 102 + 23?
125
In base 12, what is -9 - a?
-17
In base 11, what is -1 + 214?
213
In base 15, what is e - 10?
-1
In base 5, what is 3 + 232?
240
In base 2, what is -10100110 - -11110?
-10001000
In base 6, what is -4435 + 3?
-4432
In base 10, what is -1 + 32?
31
In base 15, what is 5b + -2?
59
In base 5, what is 2333 - 212?
2121
In base 2, what is -1000 + 111010001?
111001001
In base 2, what is 111110000 + -100?
111101100
In base 7, what is -21 + -1214?
-1235
In base 12, what is 5 + 97?
a0
In base 13, what is 16 + -8?
b
In base 14, what is -5 - 582?
-587
In base 7, what is 6011 - 1?
6010
In base 6, what is 3 - -214?
221
In base 15, what is -5 - 3?
-8
In base 8, what is -2 - 16?
-20
In base 7, what is -5 - -1130?
1122
In base 12, what is 9b6 + -5?
9b1
In base 6, what is -330 + -3?
-333
In base 6, what is -4 - 43?
-51
In base 15, what is 8c2 - 2?
8c0
In base 9, what is 3 + 108?
112
In base 15, what is 3 + 2d?
31
In base 11, what is 9506 + 2?
9508
In base 16, what is -1c02 - -2?
-1c00
In base 16, what is 5 + 76?
7b
In base 3, what is -20101 + -11?
-20112
In base 14, what is 170 + 5?
175
In base 5, what is 400 + 12?
412
In base 2, what is 10010111 + 100?
10011011
In base 13, what is -141 + 1?
-140
In base 10, what is -57 + 4?
-53
In base 16, what is 2f + 13?
42
In base 9, what is -15 + -8?
-24
In base 13, what is -6 - -80b?
805
In base 2, what is 1001011110 - -100?
1001100010
In base 7, what is 0 - -26?
26
In base 10, what is 3 + -1338?
-1335
In base 13, what is -4 - 11c?
-123
In base 13, what is -a6 - 8?
-b1
In base 13, what is 19c9 - 5?
19c4
In base 3, what is 0 - -101202?
101202
In base 9, what is -710 - 6?
-716
In base 14, what is 46 - -6?
4c
In base 14, what is 94b - -5?
952
In base 3, what is -11 + -200011?
-200022
In base 4, what is 2120211 - 0?
2120211
In base 14, what is 11 + 5?
16
In base 12, what is 232 + 5?
237
In base 14, what is -2 - 2576?
-2578
In base 2, what is 110 + -11111?
-11001
In base 16, what is -cd - 5?
-d2
In base 8, what is -1 - -7564?
7563
In base 10, what is 4 - -152?
156
In base 6, what is 4435 + -3?
4432
In base 5, what is 10 + 44204?
44214
In base 5, what is 121 - -41?
212
In base 10, what is 1207 + -5?
1202
In base 10, what is 5 + 138?
143
In base 16, what is -5 + -15?
-1a
In base 3, what is -20121 + 10?
-20111
In base 6, what is 12 - 1454?
-1442
In base 13, what is 4c - -107?
156
In base 13, what is -31a + 3?
-317
In base 3, what is 2201201211 - 12?
2201201122
In base 12, what is 7b - 4?
77
In base 7, what is -1 - -50?
46
In base 12, what is -5 + -6?
-b
In base 6, what is -23 + -34?
-101
In base 13, what is -21b - -9?
-212
In base 13, what is -1587 + 2?
-1585
In base 10, what is -10 + 114?
104
In base 2, what is 110100010 + -101?
110011101
In base 4, what is 11 + 102?
113
In base 14, what is 3 - 1d4?
-1d1
In base 12, what is -60 - 7?
-67
In base 7, what is 43414 + 3?
43420
In base 15, what is -1d + 29?
b
In base 13, what is -14cb + 3?
-14c8
In base 15, what is 4 - -4?
8
In base 11, what is -1451 + -3?
-1454
In base 12, what is -110 - 9?
-119
In base 14, what is -60 + -9?
-69
In base 13, what i